+ 12. Suppose 2*n - z = -3*n. Suppose 3*p + 2*j = 459, 4*j = p - n*p + 153. What is the remainder when p is divided by 39?
36
Let u(a) be the second derivative of -1/2*a**3 + 0 + 6*a**2 - 25*a. What is the remainder when u(-6) is divided by 7?
2
Let a(k) = -21*k - 2. What is the remainder when a(-1) is divided by 9*(-1)/(100/16 + -7)?
7
Let g(u) = -41*u - 2. Let w(d) = -327*d - 15. Let b(s) = 33*g(s) - 4*w(s). Let k be b(8). Calculate the remainder when 56 is divided by 2/(-4) + k/48*-4.
26
Let b(o) = -o**2 - 24*o - 78. What is the remainder when 518 is divided by b(-10)?
22
Let k(o) = o**2 + 2*o. Let r = -110 + 114. What is the remainder when 1 - (-76 + r) - 0 is divided by k(3)?
13
Suppose -9*l + 1188 = -1017. What is the remainder when l is divided by 21?
14
Let w(h) be the first derivative of 7*h**2/2 + 4*h - 2. What is the remainder when -3 + 60 - (-6 + 1) is divided by w(4)?
30
Let u(b) = b - 1. Let t(m) = 2*m**2 + 5*m - 3. Let r(i) = t(i) - u(i). What is the remainder when 132 is divided by r(-7)?
64
Let q be 1/((-1)/12)*23/(-69). Suppose 3*w = 2*k + 223, 0*w - 422 = q*k + 2*w. Let n = k - -127. What is the remainder when 33 is divided by n?
13
Let d(c) = c**2 - 2*c. Let h(z) = -8*z**2 + 5*z - 6. Let x be h(2). Let a = x - -26. Calculate the remainder when 22 is divided by d(a).
6
Suppose 4*t = -2*b + 11 + 1, 0 = -4*b - 2*t + 12. Suppose -p + 45 = -b*l, 0*l + 155 = 5*p + 4*l. Calculate the remainder when (-278)/(-3)*42/28 is divided by p.
34
Let g = 30693 - 27872. What is the remainder when g is divided by 122?
15
What is the remainder when 1621 + -9 - ((-3)/(-1) + -9) is divided by 60?
58
Let o(d) = -d**2 + 3*d + 1. Let q(f) = 4*f - 60. Let t be q(7). Let i = 35 + t. Calculate the remainder when 5 is divided by o(i).
0
Let o = -67 - -87. Suppose 0 = -4*s - 2*h + 46, -4*s + 2*h - o + 70 = 0. Calculate the remainder when 66 is divided by s.
6
Suppose 25*r - 2682 = 16*r + 8172. What is the remainder when r is divided by 31?
28
Calculate the remainder when (396 - (-14 - -8)) + -10 is divided by 18.
14
Suppose b - v + 41 = 0, 98 = -3*b + 4*v - 30. Let u = b + 87. What is the remainder when u is divided by ((-19)/(-2))/(32/64)?
13
Let u = -12986 + 13067. Calculate the remainder when 1616 is divided by u.
77
Let q = 42838 - 42675. Suppose 0*o + o - 43 = 0. Calculate the remainder when q is divided by o.
34
Let k = 285 - 93. Let s = 206 - k. What is the remainder when s is divided by 11?
3
Let c(n) = -180*n + 202. Calculate the remainder when 137 is divided by c(1).
5
Let i be (36 - 1)*(5 + (-110)/25). Suppose 3030 = i*b - 6*b. Calculate the remainder when b is divided by 17.
15
Suppose -3*f = 3*d - 24, f + 42 = 3*d + 2. Let o = d - -32. Let s = 91 - o. What is the remainder when s is divided by 25?
22
Suppose -5*g - 64 = 6. What is the remainder when 95 is divided by -1*(-68)/g*(29 + -36)?
27
Let m(n) = 39*n + 3. Let x be m(3). Calculate the remainder when x/80*(-3)/(6/(-44)) is divided by 13.
7
Let b(u) = u**2 - 127*u + 5401. Calculate the remainder when b(76) is divided by 75.
25
Suppose 311 = y + q, -6*y + 4*q + 317 = -1499. Calculate the remainder when y is divided by 98.
12
Let o = 78 - -7. Let v = -48 + o. What is the remainder when v is divided by 20?
17
Let x = -27 + 46. Let i be x/4 - 0 - 3/(-12). Calculate the remainder when 8 is divided by (20 - 5)*1/i.
2
Suppose 3*i - 59 = -2*p + 574, 8*i + 5*p = 1687. Calculate the remainder when 3551 is divided by i.
207
Suppose -3*m - 3*h + 39 - 9 = 0, -2*m + 26 = 4*h. Suppose -m*t = -11*t + 24. Calculate the remainder when 20/(-15) + 85/3 is divided by t.
3
Let z(y) = y**2. Let s(g) = -10*g**2 + 1. Let d(j) = -s(j) + z(j). Let t be d(-1). Let x = t + -2. Calculate the remainder when 14 is divided by x.
6
Let f(c) = c**2 + 7*c + 30 - 4 - 2*c**2 + 2*c**3 + 7*c**2 - 3*c**3. What is the remainder when 54 is divided by f(7)?
2
Suppose -4 = -0*x - 2*x, -88 = -2*h - 3*x. Let f = h - 39. Calculate the remainder when 1 + f + 150 - (1 + 2) is divided by 17.
14
Suppose -55 + 525 = -5*z - 4*j, j = 4*z + 397. Let y be ((-4 + z)/(-2))/(-1). Let t = -32 - y. Calculate the remainder when 34 is divided by t.
15
Let o(s) = -s**3 - 2*s**2 + 405*s + 1608. Calculate the remainder when 60 is divided by o(-4).
0
Suppose 4*d - 1497 = -1614*s + 1617*s, 373 = d - 2*s. Calculate the remainder when 1135 is divided by d.
10
Let n(r) = 47*r + 829. What is the remainder when n(-15) is divided by 80?
44
Suppose -4*x + 4*p - 44 = 0, 4*x + p + 32 = 2*p. Calculate the remainder when (-102)/(-21) - (-1)/7 - 142/(-2) is divided by x/(3/((-3)/1)).
6
Let k(q) = -q**3 + 62*q + 16. Let g be k(8). Suppose -9*a + 15*a - 72 = g. What is the remainder when 82 is divided by a?
10
Let z(p) = 599*p**2 - 3*p. Let u = -561 + 560. What is the remainder when z(u) is divided by 11?
8
Let v(w) = -5*w**3 + 12*w**2 + 71*w + 64. Calculate the remainder when v(-11) is divided by 96.
94
Suppose 0 = 2*d - 10, -t + 72 = 4*d - 277. Calculate the remainder when t is divided by 24.
17
Suppose 16*w - 43*w = 1620. What is the remainder when (2*31)/1 + (-60 - w) is divided by 34?
28
Let d(h) = -3*h - 72. Let b be d(-22). What is the remainder when b/(-12)*(-128)/(-2) is divided by 390/20 + 2/(-4)?
13
Let k(w) = w**2 - 5*w - 36. Let q be k(9). Suppose -u - 2*g + 13 + 1 = q, -5*g = -5. Calculate the remainder when 136/(-8)*(-2 - -1) is divided by u.
5
Suppose 6*b + 0*b = -34*b + 11080. What is the remainder when b is divided by 31?
29
Suppose 3*x - 1264 = -2*u, 3*u + x - 382 = 1507. Calculate the remainder when u is divided by 51/204*(6 - 3 - -33).
8
Let i = -34104 + 34238. Calculate the remainder when 347 is divided by i.
79
Suppose 0 = 4*f - 2*w - 1914, 4*w = 5*f - 134 - 2248. Calculate the remainder when f is divided by 124.
110
Let p = 935 + -909. Suppose 167 + 53 = 5*q. Let k = p + q. Calculate the remainder when k is divided by 26.
18
Let r(y) = -67*y**2 + 469*y + 6. What is the remainder when 434 is divided by r(7)?
2
Suppose 324 = d + 3*d. Suppose 2*i - 4*m = 66, -10*i + 172 = -6*i + 2*m. What is the remainder when d is divided by i?
40
Let t = -255 + 612. Calculate the remainder when (-3 - -2) + (-1)/((-3)/t) is divided by (-6)/(-27) - (-214)/9.
22
Let x = 320 + -313. Let u(z) = z**2 + 11*z + 18. Calculate the remainder when u(-10) is divided by x.
1
Let j = 18 + -4. Suppose -34 = -3*k - 5*l, -k + 0*l + l + j = 0. Suppose 4*w = 2*o + 6, -12 = w - 4*w. What is the remainder when k is divided by o?
3
Suppose 27*f - 22634 = -7784. Suppose 16*i + 9*i - f = 0. What is the remainder when 40 is divided by i?
18
Let x(h) = 569*h + 7984. What is the remainder when x(-13) is divided by 40?
27
Let a be 22/4 + 6/(-4). Suppose -5*b - g = -0*b + 26, -a*g + 22 = -b. What is the remainder when 44 is divided by 8/b*27/(-2)?
8
Suppose -20*d + 86 - 286 = 0. What is the remainder when (285/d)/(1/(-4)*6) is divided by 12?
7
Let v(d) = d**3 + 7*d**2 + 4*d - 7. Let z = 35 - 65. Calculate the remainder when -5*(-4)/40 + z/(-4) is divided by v(-6).
3
Suppose 3*w = 4*o - 37469, -15*o + 5*w = -8*o - 65572. Calculate the remainder when o is divided by 103.
101
Suppose 1915*l - 1995 = 1912*l - 3*g, -641 = -l - 5*g. Calculate the remainder when l is divided by 15.
11
Suppose 3*j - 4*j = -3*t - 45, -5*t = -25. Calculate the remainder when 899 is divided by j.
59
Suppose 0 = -563*p + 556*p + 8183. What is the remainder when p is divided by 49?
42
Let w(c) be the first derivative of c**3/3 + 3*c**2 - 16*c - 13. Suppose -g - 5*o - 91 = -3*g, 0 = 5*o + 5. Calculate the remainder when g is divided by w(-9).
10
What is the remainder when (3262/154)/((-1)/(-11)) is divided by 26?
25
Suppose -3*m = 77 + 43. Let n = m + 145. Suppose -n = -8*b + 15. What is the remainder when b is divided by 8?
7
Let m be 645/10*(-280)/(-21). Suppose -126*l + m = -116*l. Calculate the remainder when l is divided by 25.
11
Let q = -167643 - -167707. Let w = 100 - 57. What is the remainder when q is divided by w?
21
Suppose -4 = o - 7. Suppose 22 = o*s - 11. Suppose -s*w + 135 = -6*w. Calculate the remainder when w is divided by 15.
12
Let r(j) = -3*j + 86. Suppose -f - 3*c = -20, 3*f - 4*c = -6*c + 46. What is the remainder when r(f) is divided by 9?
8
Let x(g) = 9*g - 26. Let k(i) = -i**3 - 15*i**2 - 19*